uate 0 - -8 - ((2 - (-10 + -2)) + -5).
-1
What is (-5 - (12 - (-4 + 15))) + 5?
-1
(12 - 7) + (10 - (7 + (11 - 5)))
2
Evaluate -116 + 119 + -1 + 13 - 2.
13
Evaluate (-81 - (-3 + -28)) + 18.
-32
What is the value of 29 - 16 - 13 - -4?
4
What is -9 - -17 - (-14 + 22)?
0
Calculate 13 - (-2 + 6) - (6 + -1 - 0).
4
Evaluate -3 + (0 - -1 - 7 - (230 - 224)).
-15
What is 130 + -120 + -5 + -1?
4
What is 7 + (-12 - -11) + -4?
2
Evaluate 2 + -16 + 33 + (5 - 7 - 0).
17
What is (4 - (6 + -2 + 3)) + (0 - -2)?
-1
What is the value of (7 - ((11 - 9) + -5 + 3)) + -32?
-25
Evaluate 5 - 0 - (-81 + 100).
-14
What is the value of 12 - (24 + -14) - -15?
17
What is the value of -3 + (-1 - (17 - 25)) + 1 + -4?
1
Evaluate -6 + 10 + (-1 - -8).
11
What is -1 + 0 + (-15 - -17) - (-17 - -22)?
-4
What is the value of -11 + (-5 - -2) + 4 + -3?
-13
Calculate 4 - (-12 + (0 - ((6 - 12) + 0))).
10
What is the value of (1 - (-2 - -12)) + (-11 - (5 + 5))?
-30
Calculate -4 + 2 + 12 - (-137 + 144).
3
Calculate 116 + -104 - (2 - 6).
16
What is -3 + (-9 - -19) + -11 - (3 + -2)?
-5
5 + 14 - 9 - (1 + 1 + -4)
12
Calculate -41 - (-30 - 3) - (1 - 0).
-9
What is the value of -16 + (-2 - (-3 + (-2 - -6)))?
-19
Evaluate -30 + 18 + -15 - -52.
25
-1 + -1 + 12 + -20 + -8
-18
Evaluate 0 + 23 + (30 - 45).
8
What is the value of -27 + (3 - (-27 + 19))?
-16
Calculate 5 + -36 + (7 - -14).
-10
Evaluate 54 + -46 + (4 + 3 - 4) + -36.
-25
What is -3 + 1 + (-5 - 0) - (-34 - -40)?
-13
Evaluate -1 + 20 - (-69 + 85).
3
What is 5 - (-19 - (3 + 12 + -23))?
16
Calculate -18 - -9 - (1 - -5).
-15
What is the value of 1 + -2 + (11 - ((10 - 5) + 1))?
4
What is the value of (4 - (-2 - 2 - -10)) + -25 + 26?
-1
Calculate -12 + 11 + (-11 - -6) + 5.
-1
What is the value of (-3 - 1) + 3 + 2 - 0?
1
6 + (1 - -9) - 10
6
What is 20 + -9 - (9 + 7) - -15?
10
Evaluate 10 - (-12 + 21 + -6).
7
Evaluate (0 - 27) + -8 + 3 - (9 - 18).
-23
What is the value of -5 + ((14 - (8 - 1)) + 4 - -5)?
11
Calculate (-2 - -10) + (-18 - (-29 + 1)).
18
What is the value of 0 - 2 - (-224 - -248)?
-26
What is the value of -4 + -7 - (19 - 21) - -12?
3
Evaluate 3 - (-5 + (-11 - -11)).
8
Calculate 16 + -2 - 18 - 0.
-4
6 + (-4 - 0) + 4 + -9 + -8
-11
Calculate 2 - (-1 - (8 + -7)) - (-3 - -40).
-33
Evaluate 22 + -11 + -20 + -11 - (5 - 2).
-23
(1 - 11) + 0 + (2 - 6) - 3
-17
Calculate -42 + 18 - -19 - (1 + 4).
-10
Calculate (1 - -8) + -14 + 15 - -15.
25
Calculate 1 + -5 + (34 - 21) + (-3 - 1).
5
-7 + 4 + (-3 - 3 - -3)
-6
What is the value of -4 - 0 - (-5 - 7) - (19 + 0)?
-11
What is 13 + (-1 - 0) + 5 + -10 + 3?
10
Evaluate -1 - ((-1 - 21 - 1) + 7).
15
7 - (-2 + 2 + (-29 - -30)) - 17
-11
What is the value of 3 + -13 + -9 + (11 - -15)?
7
Evaluate (7 - 6 - -6) + -8 + -2.
-3
What is the value of -4 - (19 + (-24 - -3))?
-2
-3 + ((7 - 8) + 5 + -1 - 9)
-9
Calculate (-3 - 1) + (-26 - -18 - 14) + -9.
-35
What is the value of (-4 + -3 - (-12 - (8 + -7))) + 0?
6
What is 0 + 4 - (-4 + 4 + 7)?
-3
What is the value of 30 - 38 - (-18 - -1)?
9
What is -18 + -10 + 23 + 23?
18
0 - (-21 - -6 - (-12 - 0))
3
What is the value of 1 + 11 - (8 - 0 - 14)?
18
8 + 34 + (-14 - 10 - -8)
26
What is (30 - -3) + -19 + (-4 - 2)?
8
What is the value of -1 + -20 + -157 + 170 + 1 + -17?
-24
Evaluate (-3 + -11 - -2 - -9) + -11.
-14
Calculate -23 + (3 - -8) - 3 - -32.
17
What is 3 - ((6 - 18) + 24)?
-9
Evaluate -2 + 15 + (160 - 155).
18
Calculate (0 + 1 - 0) + -2081 + 2069.
-11
Evaluate 1 + -1 + -3 + -1 + 8.
4
What is the value of (-16 - -1) + (496 - 467)?
14
Calculate -65 + 59 + (-3 - -21 - 1).
11
What is the value of -13 + 23 + -11 + -3 + 5 + 0?
1
Calculate 11 - (7 - (12 - 19)).
-3
Evaluate 5 + (83 + -45 - (-6 + 11)).
38
-28 - (0 - 4) - -30
6
-1 + 3 + 11 + (83 - 95)
1
Calculate 15 + -12 - (12 + -11) - (1 - 4).
5
Calculate 5 + -11 + (20 - 19).
-5
Evaluate -7 - (-28 - -29) - 5.
-13
Evaluate (35 - 18 - 14) + (-2 - -3 - 10).
-6
What is 37 - (5 + -6 + 34)?
4
-252 + 247 - (0 - (-20 - (5 - 3)))
-27
(-7 - 7) + (5 - (0 - 2)) - 6
-13
What is 4 - ((5 + -1 - 3) + -12 + 6)?
9
Evaluate (53 - -2 - (-34 + 47)) + -17.
25
31 + (0 - -9) + -4 + -9
27
What is (11 - (3 + 1 + 6)) + -3?
-2
Evaluate (-14 - -30 - 55) + 27.
-12
What is the value of 10 - (29 + -1 + -24)?
6
Evaluate (-4 - 3) + 5 - (21 - 38).
15
What is (2 - -7) + (-1 - -18 - 24)?
2
What is 5 - (17 + 5 + 1)?
-18
-4 - ((0 - -1) + -4 - 0 - 2)
1
What is the value of -5 + (13 - (-2 - (-7 - -5))) - -2?
10
What is ((10 - -2) + -36 - -13) + -17?
-28
What is the value of 8 - (-5 + (-5 - (4 + (-7 - 2))))?
13
What is the value of -44 + (-3 + 5 - -3) - (19 - 28)?
-30
(-26 - -4 - -5) + 17
0
What is 39 + (-26 - 15) + (6 - 1)?
3
What is the value of -179 - -173 - (-3 + 16 - 6)?
-13
What is the value of 97 + -109 - (5 + -8)?
-9
Calculate (9 - -5) + 3 + -6.
11
What is -7 + (-21 - -9) + 27?
8
What is (7 + -12 - (-17 + 9)) + 14?
17
Calculate -12 + (-3 - (0 - (4 - -5))).
-6
5 - (19 + 14 + -25 - (0 + -7))
-10
What is (169 - 177) + (22 - 2)?
12
What is -32 + 12 - 36 - -33?
-23
What is 1 + 0 - 2 - -7 - (33 + -40)?
13
12 - (-6 + -16 + 32)
2
Evaluate -2 + (-7 + 15 - (-23 + 36)).
-7
Calculate (13 - 34) + (-5 - -14 - 0).
-12
What is -15 - (2 - (-19 - -28))?
-8
Evaluate -2 + (-4 + 5 - -4) + -21.
-18
What is the value of 8 + 3 + 10 + -11 + -27?
-17
What is the value of 6 + -5 + 4 - 2 - -10?
13
Evaluate -1 + 0 + 8 + (-1 + -17 - -7).
-4
(-4 - (-13 + 7 + 6)) + 39 + -32
3
-25 + (-4 + -4 - -11)
-22
Evaluate -7 + (4 - -15) - 6.
6
Calculate (8 - 9) + 3 + -7 + 9.
4
What is (-1 + -1 - 4) + 5 - (-15 + 14)?
0
What is the value of (-3 - -5 - (1 + -1)) + (29 - 23)?
8
What is -4 - (-14 - -15) - -16 - 14?
-3
Calculate (45 - 41) + (-4 - -17).
17
What is the value of -12 + (33 - 16) + (-6 - 2)?
-3
Calculate -4 - -3 - (7 + -2 + 3 + -11).
2
What is 52 + -53 + 36 + -1 + -6?
28
Evaluate 9 - (4 - 0 - -4) - (4 - 1).
-2
Calculate (-125 - -84) + 38 + (0 + -1 - -35).
31
What is 2 + (4 - (2 - ((-1 - -1) + -2)))?
2
Calculate -21 + (-5 - -7) + 7 + -2.
-14
What is the value of (-1 - -3) + -5 - (3 + -7) - 1?
0
What is 27 + -20 + (0 - (-1 + 5))?
3
What is (-6 - (0 + (-13 - -3))) + 4?
8
Evaluate -3 + (-2 - 9) - 17 - -2.
-29
What is 535 - 541 - (-20 - 1)?
15
Calculate 7 + -2 + (1 - 2) + (-256 - -252).
0
28 + (-13 + 40 - 60)
-5
What is -1 - (-1 + (5 - (16 + -9)))?
2
What is 19 - 40 - ((-10 - -4) + 8)?
-23
What is the value of -5 - (7 + -13) - 19?
-18
What is (-3 - -4) + -20 + -3?
-22
Evaluate 5 + 13 + (-56 - -30).
-8
Evaluate 22 + 0 + -1 - (13 + 1 + -7).
14
What is 11 + 4 + -1 + -2?
12
Calculate -4 + 8 - ((21 - 7) + -11).
1
What is the value of -542 + 533 - (-33 + -2)?
26
Calculate 6 + (7 - 5 - (-66 + 64)).
10
Evaluate (8 - 13) + -2 + (8 - 7).
-6
2 - (10 + (-21 - -21) - (2 + 13))
7
Calculate 0 - -34 - (47 + -25).
12
12 + (-11 - (-5 + 1)) + 7 + -7
5
-5 - ((-1 - -1) + -33 + 25) - -9
12
What is -3 + (7 - -3) + (24 - (-17 - -33))?
15
Calculate -3 + -3 - (-13 - (-5 - -9)).
11
Evaluate (7 + -20 - -7) + 11.
5
Calculate 12 + -2 + 8 + -7.
11
Evaluate 9 - ((-4 - -1) + 1).
11
9 + -3 + 10 - (-9 + 5 + 4)
16
Evaluate -33 - (-10 - (-3 - (-24 - -15))).
-17
What is -19 - (-43 + 44) - -58?
38
-14 + (11 - 15) + 15
-3
-14 - (-10 + (-7 - -10))
-7
Calculate (0 - 7 - 6) + 11 - -11.
9
What is -6 - -1 - (10 + -54 - -49)?
-10
Calculate (-140 - -139) + (-2 - -20).
17
What is (0 - -3) + -10 + (-26 - -21)?
-12
Calculate -1 + (-24 - (1 + -17)).
-9
What is the value of -2 + -5 + (138 - 142)?
-11
What is the value of -3 + (-10 - -3) - (-166 + 183)?
-27
What is 2 + 20 - (426 + -439)?
35
What is the value of 33 + -46 + 5 - -9?
1
What is the value of (13 - (15 - -5)) + -5 - 17?
-29
Evaluate -5 - (-9 - 0) - 2 - 3.
-1
Evaluate 33 + -48 + 25 + -1.
9
19 + (-13 - (8 + -23))
21
What is the value of (-33 - -26) + (1 - 1) + (2 - -6)?
1
Evaluate 7 + (13 - (4 + 8)).
8
What is the value of 0 + 19 - (820 + -773)?
-28
-8 + -1 - ((-2 - -2) + (-53 - -47))
-3
Calculate -3 - (-2 + (5 - 1)) - (-11 - -2).
4
(-135 - -103) + 15 + 2 + -2
-17
What is -16 - (-4 - (2 + 2))?
-8
Calculate 14 + -11 - (-8 - (3 + 2 - 9)).
7
What is 2 + -8 + 448 + -432?
10
6 - (-8 + 14 + -8 + 1)
7
What is -32 + 7 - -30 - 15?
-10
Evaluate (-6 - -9) + -9 - 2 - 7.
-15
18 - (3 - (9 - 7)) - (0 - 0)
17
Calculate 1 - 0 - (9 - 54 - -29).
17
Evaluate (12 - (-51 - -79)) + -9 + (0 - 0).
-25
Calculate -11 